 5*r + 3002 = h*b + 4*r, 0 = 4*r - 8. Is b composite?
False
Let a(w) = w**2 - 7*w + 19. Let x(v) be the first derivative of v**3/3 - 7*v**2 + 38*v + 3. Let h(m) = 5*a(m) - 3*x(m). Is h(-8) a composite number?
False
Suppose 3*a - 739 = -4*h, -a + 5*h = 2*a - 703. Suppose -2*m = 4*l - 320, 0 = 3*l - m + 3*m - a. Is l composite?
False
Let p(j) = 3*j**2 - 7. Suppose 0 = 5*f - 5 - 35. Is p(f) a prime number?
False
Let a(y) = -1 + y - 2*y + 8 + 5. Is a(-11) prime?
True
Let w be (1 - -1)/(-2 - -1). Suppose -28 = 5*d - b + 61, 2*d + 3*b + 22 = 0. Is d/(3/30*w) a prime number?
False
Let j(g) = -g**2 + 12*g - 16. Let v be j(8). Suppose -s + v + 18 = 0. Is s a prime number?
False
Let b(o) = 37*o**2 + 3*o - 25. Is b(9) prime?
True
Suppose -3*w = 2*w + 3*t - 27, -2*t - 26 = -4*w. Suppose -213 + 57 = -w*p. Suppose p + 185 = y. Is y a prime number?
True
Suppose 3*d - 2036 = d. Is d a composite number?
True
Let l be 315/30 - (-2)/(-4). Suppose l*h - 12*h = -10522. Is h a composite number?
False
Let b(c) = -2*c**3 - 3*c**2 + 4*c - 4. Let z be b(2). Let w = z - -26. Is (-1 - -142) + w + 0 a prime number?
False
Suppose 0 = -4*l + 2*t + 32, -26 = -5*l - 3*t + 2*t. Suppose -4*k = -l*k + 4. Suppose -6*o + 112 = 4*j - 2*o, -2*j + k*o + 36 = 0. Is j a composite number?
False
Let m(o) = 89*o**2 + 29*o + 427. Is m(-32) a prime number?
False
Let p be 34592/7 - (60/42)/(-5). Suppose b = -953 + p. Is b prime?
True
Let h be 16/((-6)/(6/(-2))). Let k = h + -3. Suppose b = k*t - 14, 7*b + 4*t = 4*b + 34. Is b a composite number?
True
Let g(y) = 2*y + 2. Let u be g(-1). Suppose 4*k = -u*k + 524. Is k a prime number?
True
Let f be 3 + 3 + -2 + 0. Suppose f*r + 5821 = -3951. Is r/(-4) - 6/(-24) a composite number?
True
Suppose 0 = 5*q + 4*n + 36, -4 + 17 = -q + 5*n. Let t be (-4)/q - (-114)/4. Let d = t - -60. Is d a composite number?
False
Suppose -2*v - 52268 + 243354 = 0. Is v a composite number?
True
Let g(f) = 2*f**3 - 19. Let n be g(0). Let k be (0 - n - -2) + 0. Let m = 42 - k. Is m prime?
False
Suppose f - 4*z - 24 = 3*f, 3*z - 9 = 3*f. Let m(k) = 3*k**2 - 3*k + 2. Let c be m(f). Suppose 0 = -2*o + 4*v + 218 + c, v + 820 = 5*o. Is o a prime number?
True
Suppose 0 = 5*c - 52 - 18. Let w = -14 + c. Suppose 4*q - 2020 = -4*x, 5*q - 2557 = -w*q + 3*x. Is q a composite number?
False
Let z(c) = c**2 - c + 187. Let o = 9 - 7. Suppose 0 = 3*i + o*i. Is z(i) a composite number?
True
Let k be (-35)/20*-4 + 0. Suppose -5*d - 2*j = -k*d + 988, -2*d + 994 = -4*j. Is d a composite number?
False
Suppose h + 282 + 27 = 0. Let v = 988 + h. Is v a composite number?
True
Is 9203 + 1 + -4 + 11 composite?
True
Let m = -9 + 16. Let a = m - -14. Suppose 0 = -3*x - a + 96. Is x composite?
True
Suppose 47*d - 2*q = 44*d + 79569, -4*d = 3*q - 106075. Is d composite?
True
Let v = -4061 - -12964. Is v a composite number?
True
Let m(z) = 1565*z - 193. Is m(6) a composite number?
True
Let j = -40 - 2. Let w be j*(-9)/(108/(-184)). Is 5/((-60)/w)*3 a prime number?
False
Let s = 34 - 31. Suppose 0 = s*h + 4 - 10, 1367 = d + 2*h. Is d a composite number?
True
Let x(u) = -u - 7. Let d be x(-12). Suppose 10 = -d*g + 10*g, -604 = -2*n + 5*g. Is n composite?
False
Let d be -1 + -2 + (3 - (5 + -4)). Is 1907/2 - (d + 18/12) prime?
True
Let a = -67 - -75. Is (2/a)/(24/7584) composite?
False
Let u = -30 + -3. Is (-2337)/u + 4/22 a prime number?
True
Let w = 65 + -66. Is (w*829)/((-8)/8) a composite number?
False
Let b(f) = f**3 - 11*f**2 - 5*f - 4. Suppose -4*q + 16 = -44. Is b(q) a composite number?
False
Let w be (-2536)/(-20)*(5/2)/1. Suppose -10*p + w = -2613. Is p a composite number?
False
Let i(f) = -2328*f - 85. Is i(-6) composite?
False
Suppose -l = -5*l - 372. Let s = -27 - 1. Let m = s - l. Is m a prime number?
False
Suppose 5*w = -10, 3*i - w - 4*w = 97741. Is i a composite number?
True
Let j(o) = -633*o**3 + o**2 + o. Suppose 2*b - 8 = 6*b, 2*h + 4*b = -10. Is j(h) composite?
True
Let j = -828 + 1951. Is j composite?
False
Let m(i) = 4*i**2 + i**2 - 13*i + 5 - 3*i**2 - 1. Let t be m(9). Suppose 2*b + 4*z = 3*z + t, -64 = -2*b + 4*z. Is b a composite number?
True
Let v(c) = 736*c + 9. Is v(1) prime?
False
Suppose 56895 = 7*f - 134. Is f a prime number?
True
Let y(i) = -427*i + 125. Is y(-42) composite?
False
Let l(k) be the first derivative of 26*k**2 + 77*k + 21. Is l(12) composite?
False
Is 40/(-8)*(654448/20)/(-4) prime?
True
Let z(g) = -g - 3. Let o be z(-8). Suppose o*b - 1795 = -0*b. Let t = 622 - b. Is t prime?
True
Let j(w) be the second derivative of -20*w**3 + 53*w**2/2 + 42*w. Is j(-19) a prime number?
True
Let r = 1977 + 8416. Is r composite?
True
Is (-25959 + 1)*(14/28 - 1) a composite number?
False
Suppose 8*c = 5*c + 21. Suppose b - 24 = c*b. Let f = b + 123. Is f prime?
False
Suppose -2*b - z + 77 = 25593, 4*z = b + 12767. Let m = -8802 - b. Is m composite?
True
Let z = 20 - 33. Let f(j) = -5*j - 26. Let q be f(-6). Is z/(q + (-276)/68) a prime number?
False
Suppose -314091 = -62*t + 61*t + 4*c, 4*t = -5*c + 1256385. Is t prime?
False
Let d(c) = c**3 + 10*c**2 - 36*c + 5 + 36*c. Let q be d(-10). Suppose -851 = -4*u - q*y - 7, -422 = -2*u - 2*y. Is u a prime number?
True
Let t = -6731 + 3370. Let x = 5640 + t. Is x a prime number?
False
Let y be 1 - (4/(-1) + 3). Is 22 - (y - 3)/1 a composite number?
False
Let b = -5 + 7. Suppose 0 = v - 5*i + 14, 5*v = -b*i + 12 + 26. Is ((-1228)/v)/(10/(-15)) composite?
False
Suppose 4*n - 19*n = -80175. Is n prime?
False
Suppose -30*t - 47691 = -39*t. Is t prime?
False
Suppose 0 = -c + 9 - 4. Suppose 4*b - 4 = 5*s, -c*s - 3*b - b + 4 = 0. Suppose s = 7*u - 10*u + 633. Is u a prime number?
True
Let z(p) = 45*p**3 - 6*p**2 + 2*p + 11. Is z(6) a composite number?
True
Let o be (8 + -3)*6/(-10). Let w(c) = 21*c**2 - 2*c - 1. Let t be w(o). Suppose 2*m = 3*m - t. Is m composite?
True
Let n = -48 - -159. Let j = n - 2. Is j composite?
False
Let c be (-2 + -24)*2/(-4). Suppose -4*l = -4*y - c - 59, -y = -5*l + 78. Let m = l - 1. Is m prime?
False
Let p = 11 - -1. Let z be 46/p + (-6)/(-36). Suppose -z*h = -50 - 26. Is h a prime number?
True
Let u = 645 + -3176. Let w = u - -4498. Is w prime?
False
Suppose 4147 + 205384 = 37*z. Is z prime?
False
Let y = 2465 - 1720. Is y a prime number?
False
Let p = -7 - -18. Let t = 13 - p. Suppose -3*a + 86 = t*u - 0*u, 0 = a + u - 30. Is a composite?
True
Suppose 5*n + 3 = -4*g, 5*g - 3*n + 12 = -n. Let a be (-3 - g - -2)*-3. Is (212/12)/(a/(-27)) prime?
False
Suppose -3 = -6*x + 9*x. Is (x/(-3))/((-8)/6312)*-1 composite?
False
Let t be (35/(-10) + 1/2)*-501. Suppose t - 257 = 2*k. Is k composite?
True
Let t be (33/2 + -1)*2. Let b = t + 92. Is b prime?
False
Let x = -193 - -682. Is x a prime number?
False
Let f(g) = -3*g**3 + 3*g**2 - 5*g - 3. Let s(t) = 2*t**3 - 2*t**2 + 3*t + 2. Let y(c) = -3*f(c) - 5*s(c). Let j be y(-1). Is 1/j + 145 - 3 a prime number?
False
Suppose 306055 = 7*z - 34936. Is z prime?
False
Let f(g) be the first derivative of 5*g**4/4 + 2*g**3/3 + 2*g**2 - g + 2. Let q be f(3). Is q/8 - (-6)/(-4) a prime number?
True
Let o be 65/26*38/5. Suppose 0 = 2*s + 3*z + o, 27 = s - 4*s - 3*z. Is 23058/26 - s/52 a composite number?
False
Suppose -5*i = 2*u - 41440, -2*i + 3*u - 24873 = -5*i. Suppose i = 7*k + 1489. Is k prime?
True
Let c(g) = 1822*g + 183. Is c(13) composite?
False
Let z = 11 + -7. Suppose 2*c - 3*u = c + 243, 5*u - 785 = -3*c. Suppose -w + c = z*w. Is w a prime number?
False
Suppose -13486 = -2*t - c, -5*t + c + c + 33706 = 0. Let v = -4035 + t. Is v a composite number?
False
Let o = 47644 + 7503. Is o a prime number?
True
Suppose 7*t - 9519 = 3214. Is t a composite number?
True
Let n = -93 + 97. Let u(m) be the first derivative of 28*m**3/3 + 2*m**2 + 5*m + 1. Is u(n) prime?
False
Let t(x) = -12*x**2 - 6*x - 7. Let m(q) = q + 1. Let b(s) = -4*m(s) - t(s). Let d(o) = o**2 + 8*o - 2. Let p be d(-8). Is b(p) composite?
False
Suppose 5*x - y + 4 = 0, -1 = 4*x + 4*y - 17. Suppose 2*c + 4*q - 3378 = 0, -5*c + q + 8390 = -x*q. Is c prime?
False
Is (10 + -63218)*(-3)/8 prime?
False
Suppose 24*d - 1039458 = -18*d. Is d prime?
True
Let q = 2 - 2. Suppose -4*a - 179 = -5*a + 5*i, -4*a = -4*i - 700. Suppose 2*n - 4*y = a, -2*y + 435 = -q*n + 5*n. Is n composite?
True
Let p(u) = 10*u**2 - 2*u + 5.